Suppose -163*g - 85 = -411. Let i(u) = -u**2 + 5*u - 6. Determine i(g).
0
Let l be (117/(-52))/(3/(-8)). Let k be 1/(9/l) - 210/(-9). Let q(a) = a - 20. Let i be q(k). Let t(v) = -v**3 + 5*v**2 - 7*v + 5. Calculate t(i).
-7
Suppose 0 = -2*w - 2*n + 28, 4*w = -w + n + 82. Let j(l) = 2*l**2 - 20 + 3*l - l**2 + w. Let s(y) = -y**3 + 2*y**2 + 3*y - 4. Let f be s(3). Determine j(f).
0
Let k(x) = 2*x**3 - 5*x - 3484 + 18*x**2 + 1703 + 1760. Determine k(-9).
24
Suppose 0 = -4*a + 3*a. Suppose -3*w = -2*k - 33, -5*k + 2*k = -5*w + 53. Suppose -10*g - w*g = -a*g. Let i(f) = f + 1. What is i(g)?
1
Let w(q) be the second derivative of q**5/20 - q**4/3 - q**3/2 + 5*q**2/2 + 1168*q. Determine w(2).
-9
Let y(r) = -4*r**2. Suppose 1649 = 40*z + 1769. Give y(z).
-36
Let m(s) = 0*s**3 + 2 + 5*s**3 - 25 - 4*s**3 + 10 + 10 + 3*s**2. Let i = 7 + -10. Give m(i).
-3
Let x(q) = 7*q - 3. Let o(d) = -11*d + 4. Let u(s) = -4*o(s) - 6*x(s). Let b(j) = 21*j + 22. Let w(g) = -2*b(g) + 22*u(g). What is w(3)?
6
Let x be (0 + -11 + 10)*(-5 - -7). Let v(m) = 6*m**2 + 7*m + 1. Let h(k) = -5*k**2 - 6*k - 2. Let b(u) = -3*h(u) - 2*v(u). Calculate b(x).
8
Let m(w) = 5*w**2. Suppose 7*k - 3*k = 3*d - 1, -7 = k - 3*d. Suppose -4*q = -3*z + 215, -z + k = 1. Let s = q - -54. Determine m(s).
5
Let y(z) = -18520*z**2 + 18515*z**2 - 17*z - 19*z**3 + 2 + 20*z**3. Calculate y(7).
-19
Let w(c) = -c + 12. Let m(g) = 56*g + 163. Let k be m(-15). Let f = k - -684. Calculate w(f).
5
Let f(c) = c**2 + 36*c + 131. Let p(x) = 61*x + 6434. Let b be p(-106). Determine f(b).
3
Let l(f) = 106*f + 577. Let q(j) = -21*j - 105. Let n(y) = 2*l(y) + 11*q(y). Suppose 3*k = -15, 19 = -4*m - 7*k + 4*k. Calculate n(m).
18
Let q(p) = 55*p + 428. Let d(x) = -266*x - 2066. Let n(y) = 6*d(y) + 29*q(y). Let t(v) = -6*v + 2. Let i be t(-2). Give n(i).
2
Let z(f) = 2*f**3 + 3*f**2 - 11*f + 27. Let x be z(5). Let a(r) = 0*r - x + 291 + r + r**2. Calculate a(0).
-6
Let u(x) = -x**2 - 6*x + 5. Let l(n) = -n**2. Let i(s) = 5*l(s) + u(s). Let a(w) = w**2. Let m(b) = -5*a(b) - i(b). Calculate m(-4).
-13
Let q(f) be the second derivative of -1/6*f**3 - 2*f + 1/20*f**5 + 5 + 3*f**2 - 1/2*f**4. Calculate q(6).
0
Let u(j) = -2*j**3 + 12*j**2 - j + 10. Let d = -22895 + 22901. What is u(d)?
4
Let n(g) = 39*g + 7. Let t(a) = 114*a + 20. Let p(z) = 17*n(z) - 6*t(z). Let x = 34 - 33. Give p(x).
-22
Let r = -3 - -5. Suppose -2*b + 0 = 4*n - 64, 0 = n - 2*b - 6. Let i(x) = -4*x + 13 + x**2 - n + 4. What is i(r)?
-1
Suppose 28*i - 120 = 13*i. Suppose -i*u + 93 = 109. Let t(r) = -5*r**2 - 2*r - 2. Calculate t(u).
-18
Let z(t) = t**2 + 6*t + 3. Let k(r) = 2*r**2 + 3*r - 11. Let h be k(4). Suppose h*c - 35*c = 16. Let d(p) = -p - 12. Let y be d(c). Determine z(y).
-5
Let c(q) be the first derivative of -q**4/8 + 2*q**2 + 11*q + 61. Let k(j) be the second derivative of c(j). Let y = -6 + 5. What is k(y)?
3
Let c(a) = -11*a**3 - 175*a**2 + 24*a + 136. Let j be c(-16). Let s(r) = 2*r - 31. Calculate s(j).
-15
Let c(y) = 8*y + 5. Let a be 57 - 41 - (-6 - -22). What is c(a)?
5
Let x(t) = -2*t**2 + 2. Let v(h) = -13*h**2 - 2*h + 11. Let j be 1 - (2/12 - 8/48). Let k(w) = j*v(w) - 6*x(w). Determine k(-1).
0
Suppose 0*y + y = -5*l - 8, -2*y - 3*l + 5 = 0. Suppose 3*j + 12 = 3*b, 2*b - 7 - y = -j. Suppose b = 4*m - 6. Let v(a) = 5*a - 2. Give v(m).
13
Suppose 4*c - 4*p - 41 = -7*p, 5*p = -3*c + 17. Let d = 10 + c. Suppose -16 = -8*n + d. Let t(z) = z**2 - 3*z + 1. Determine t(n).
11
Let w be 4/18 + 2/(-9). Let m(j) = -4*j**2 - 50*j + 106. Let s(r) = 3*r**2 + 37*r - 79. Let k(t) = -20*m(t) - 27*s(t). What is k(w)?
13
Let y(f) = 52*f. Let t(z) = 158*z. Let q(p) = 2*t(p) - 7*y(p). What is q(2)?
-96
Let o(h) = h**3 + 5*h**2 + 4*h - 2. Suppose -5*l - 381 = -1691. Let v = l + -266. What is o(v)?
-2
Let g(p) = 5*p. Suppose 7*d + d - 344 = 0. Suppose -36*l - 7 = -d*l. Determine g(l).
5
Let n(u) = 4*u - 256 - 239 + u**3 + 10*u - 261 + 777 - 16*u**2. Give n(15).
6
Let g = 85 + -49. Let h be (-2)/9 - (-44)/g. Let a(u) = 8 - 5 + 1 - h - u. What is a(-6)?
9
Let n(u) = -2*u**2 - 63*u + 88. Let h(g) = 3*g**2 + 75*g - 90. Let m(b) = 3*h(b) + 4*n(b). Give m(3).
10
Let y(n) = n**3 - 2*n + 40 + 3 - 44. Calculate y(2).
3
Let k(g) = 16*g**2 - 2*g + 1. Let m(y) = y**3 - 11*y**2 + 15*y + 28. Suppose -4*w + 31*w = 243. Let p be m(w). Calculate k(p).
15
Let d(o) = o - o**2 - 1 + 3 - 9*o. Suppose 21883*p - 832 = 21987*p. Determine d(p).
2
Let r(b) be the second derivative of -b**5/20 + b**4/4 + b**2/2 + 11*b + 2. Suppose 5*n - 2*n - 75 = 0. Suppose -p - 2*u = -13, -3*u + n = 2*u. Calculate r(p).
1
Let x(n) = -n**3 - 9*n**2 - 8*n + 9. Suppose 12*o - 15*o = -4*j - 32, 0 = -2*j + 2*o - 16. What is x(j)?
9
Let o(y) = -y**2 + y + 13. Let f be o(-3). Let c(d) = -d**3 - 2*d + 5*d - 2*d + d**2 - f - 4. What is c(0)?
-5
Let n(v) = 1 + 2 + 2*v - 3*v. Let h(q) = -157*q - 949. Let o be h(-6). Give n(o).
10
Let k(j) = 2*j + 13. Let r be 3 - (10 + (-1 - -1)). What is k(r)?
-1
Suppose 5*b = 6 + 4. Let o(w) = -10 + 17 + 8*w**2 - w**2 - b*w**3 + 9*w + 3*w**3. Let j = 14 + -20. Determine o(j).
-11
Let p(m) = 2*m**2 - 11*m - 17. Let k = -7306 + 7313. Give p(k).
4
Let i(y) = 3*y**3 + 44*y**2 + 41*y - 1. Let p(g) = 4*g**3 + 36*g**2 + 32*g - 2. Let h(a) = -3*i(a) + 2*p(a). Calculate h(-59).
-1
Suppose -5*x = -n + 18, -n + 4*n - 2*x = 67. Let r = n + -21. Let z(q) = r - 4 - 15*q + 16*q. Calculate z(4).
2
Let l(y) be the first derivative of -17*y**4/4 + y**3/3 + 3*y**2/2 + 2*y + 1418. Calculate l(-2).
136
Let p(u) = -u + 3 - 3 - 8. Suppose -9*f + 12*f - 444 = 0. Suppose 0 = -7*v - 197 + f. Determine p(v).
-1
Let n = -13 - -16. Let u be -1*5*14/(-35). Let i(a) = -13*a**u + 12*a**2 + 3*a + 2*a - 4. Calculate i(n).
2
Let t(x) = -16*x + 4. Let y(f) = 8*f. Let m(u) = t(u) + 5*y(u). What is m(2)?
52
Let i be ((2 + 18/3)*(-15)/20)/2. Let z(r) = r**2 - r + 8. Calculate z(i).
20
Let j(n) = -n + 4*n**3 + 3*n**3 - 5*n**3 - 9 - 7*n**2 - 3*n**3. Let h be 3*((-66)/(-9) + 3) - -1. Suppose 0 = 5*v + 5*t + h + 23, -v = 2*t + 15. Give j(v).
-2
Let t(z) = 15*z + 152 - 79 - 17*z - 73. Suppose 3 = -3*d + 6, 0 = 3*f + 2*d - 14. Let b be 3/f*(-8)/2. What is t(b)?
6
Suppose 0 + 12 = 3*y. Suppose y*p - 73 = 7. Let g = 18 - p. Let f(s) = 4*s + 3. Determine f(g).
-5
Suppose -3*p = 46*s - 48*s - 15, 4*s + 22 = -2*p. Let r(k) = 3*k**3 + 5*k - 6. Calculate r(p).
2
Let w(b) = b**3 - b**2 - 18. Suppose 10 = 5*q - a, 6*q - 2*a - 2 = 2*q. Let r be 0*(5 - (-15)/(-10) - q). What is w(r)?
-18
Let d(j) = -2*j + 17. Let z = 4698 + -4712. Give d(z).
45
Let r(v) be the third derivative of -v**4/8 - 5*v**3/6 + v**2 + 20. What is r(10)?
-35
Let v(x) be the second derivative of -1/60*x**5 - 11/2*x**2 + 1/6*x**3 + 0 - x + 5/24*x**4. Let s(i) be the first derivative of v(i). Determine s(5).
1
Let p be (-10)/(-8) - (-126)/168. Let h(v) = -4*v - 3289*v**2 + 3292*v**p + 3*v**3 - 2*v**3 - 3. Determine h(-4).
-3
Let i(s) = 2*s**2 - 4*s + 78. Let n(u) = 10. Let o(g) = -i(g) + 8*n(g). What is o(0)?
2
Let j be 26/325*545 - 4/(-10). Suppose -135 = -17*f + j*f. Let t(q) = 2*q + 10. Give t(f).
0
Let l(z) = -z**2 - 12*z + 27. Let y be l(-14). Let c be 0*(-2 - y)*4/(-8). Let q(a) = a - a**2 - 21 + 2 - 2*a. Give q(c).
-19
Let a(i) = 2*i**2 + 6*i. Suppose 2*r - 253 = -4*s + 2167, -2*r - 3043 = -5*s. Suppose 0 = -2*b - s + 595. Determine a(b).
36
Suppose -4*q + 9 - 1 = 0. Let g(b) = -b + 4. Let c(l) = 12*l - 38. Suppose -32*h - 189 = 131. Let n(m) = h*g(m) - c(m). Calculate n(q).
-6
Let o(b) = -3*b**3 - 10*b**2 - 3*b - 12. Let q(d) = -10*d**3 - 31*d**2 - 5*d - 35. Let z(j) = -7*o(j) + 2*q(j). What is z(-6)?
20
Let w(l) be the third derivative of -l**5/30 - 13*l**4/24 - 11*l**3/6 + 1140*l**2. Suppose 3*q = -3*z + 2*q - 27, -5*z - 43 = q. Calculate w(z).
-35
Let m(c) be the second derivative of 2*c**3/3 + 3*c**2/2 - 2*c. Let n = -109 - -106. Let b be (-4)/((-16)/(-12)) - 3/n. Calculate m(b).
-5
Suppose 5*c = 2*c - 6*c - 6*c. Let f(p) be the third derivative of 0*p - 1/6*p**3 - 1/24*p**4 - 15*p**2 + 1/15*p**5 + c. Calculate f(-1).
4
Let a(q) be the third derivative of q**5/60 - q**4/4 - 3*q**3/2 + 210*q**2 - 1. Calculate a(5).
-14
Let i be 2 + 19 + (-12 - 3). Let t(n) = -3*n**2 + 20*n - 13. Give t(i).
-1
Let s be 69 + -48 + 0 + -16. Let k(g) be the thir